o base 16
146f1
Convert 501324 (base 7) to base 9.
137866
What is -1100001100111011110 (base 2) in base 13?
-10ccba
What is -112201000111011 (base 3) in base 5?
-4000031011
5d44b (base 15) to base 8
1105763
What is -11431435 (base 7) in base 10?
-1016188
Convert 112111210000020 (base 3) to base 8.
35325210
What is 4386296 (base 12) in base 8?
61053022
-38a1a0 (base 13) to base 9
-2508832
Convert 3759a5 (base 11) to base 15.
bacb9
Convert -3885 (base 16) to base 10.
-14469
46419 (base 13) to base 12
62190
Convert 11230110003 (base 4) to base 15.
1e721c
-602484 (base 9) to base 14
-93b16
Convert -222609 (base 13) to base 12.
-329b19
-20021012200 (base 3) to base 2
-11110000111011010
Convert 2c812 (base 15) to base 6.
3024355
Convert 221220112021121 (base 3) to base 15.
131e9bd
What is -3111166 (base 7) in base 11?
-234a33
Convert 209a491 (base 12) to base 15.
820157
155063310 (base 7) to base 10
10486350
-520324513 (base 6) to base 15
-bc7300
Convert 480e6 (base 15) to base 8.
700524
What is -1e6883 (base 15) in base 9?
-2721266
Convert -25b49 (base 12) to base 16.
-ca29
-1112010100 (base 5) to base 16
-25710f
Convert -998a7 (base 11) to base 5.
-14113313
587462 (base 9) to base 12
1504a8
Convert -82464c (base 13) to base 14.
-590c84
Convert 106391 (base 16) to base 8.
4061621
What is -313252233 (base 6) in base 15?
-734159
Convert -24562a (base 13) to base 11.
-543878
Convert 143214430 (base 5) to base 11.
478128
Convert a021 (base 11) to base 10.
13333
What is -42111 (base 14) in base 11?
-a9806
-4215747 (base 8) to base 15
-172355
271a2a2 (base 12) to base 6
434053522
Convert 5233210 (base 6) to base 9.
425586
Convert 5730631 (base 8) to base 3.
2220220000212
Convert -215985 (base 11) to base 12.
-1474b0
Convert 13145441 (base 6) to base 14.
b42c1
Convert 34322221 (base 5) to base 12.
12a16b
Convert -10124366 (base 7) to base 4.
-3032231333
10515734 (base 8) to base 16
229bdc
7214736 (base 9) to base 14
7225dc
What is -88621b (base 16) in base 2?
-100010000110001000011011
3223100 (base 4) to base 10
15056
What is d591b (base 14) in base 12?
209b99
2242313224 (base 5) to base 2
10011001110111000011001
Convert -775243 (base 11) to base 16.
-12df34
Convert 2310101 (base 4) to base 11.
8739
What is -1011100100011000001101 (base 2) in base 12?
-1022b79
1123423 (base 7) to base 4
202103110
Convert 311502 (base 8) to base 12.
4b8aa
Convert -3387479 (base 10) to base 3.
-20101002202012
Convert 3900a5 (base 13) to base 7.
14440161
Convert -1110110100111100 (base 2) to base 3.
-10002022100
Convert -10111001000011000 (base 2) to base 7.
-543136
What is 215d8f (base 16) in base 13?
5b7390
What is 24a115 (base 13) in base 8?
3264613
82581 (base 11) to base 10
120484
-1aa919 (base 15) to base 5
-313121144
Convert -1767d58 (base 14) to base 5.
-10423443014
What is -3210231102 (base 4) in base 5?
-214434121
What is 1342574 (base 14) in base 10?
9303242
ebef (base 16) to base 15
12d69
Convert 2011202102 (base 4) to base 13.
161c60
Convert 10010000110001001110 (base 2) to base 13.
179b95
11102503 (base 6) to base 15
693c3
What is -2456769 (base 10) in base 16?
-257cc1
What is 6217217 (base 8) in base 10?
1646223
-177710 (base 11) to base 9
-456415
What is -18e2a (base 15) in base 3?
-11002212011
Convert 96177 (base 10) to base 13.
34a13
-210112211 (base 3) to base 4
-3311131
112bbb (base 16) to base 13
305281
1030232031 (base 4) to base 5
40024003
1fa2eb (base 16) to base 3
10220100001202
-27a4df (base 16) to base 2
-1001111010010011011111
What is 1102110212 (base 3) in base 16?
6d91
What is 100111001000011000 (base 2) in base 11?
aa46a
Convert 1512422 (base 6) to base 16.
1557e
What is 33d0c (base 15) in base 3?
22101020210
Convert e6a31 (base 16) to base 10.
944689
-491207 (base 10) to base 15
-9a822
What is -b23a5 (base 13) in base 3?
-121012212111
-44e609 (base 16) to base 15
-5e2d27
What is -602a03 (base 11) in base 16?
-ecdc5
What is 740ba8 (base 13) in base 8?
12267234
21550 (base 16) to base 12
67014
What is 11110111001110111000 (base 2) in base 14?
1c5092
Convert 11442243 (base 5) to base 11.
74a48
What is 1111111111001111001001 (base 2) in base 9?
7787183
What is -202221222102120 (base 3) in base 4?
-222133301001
1200321241 (base 5) to base 11
1605563
What is 212220120 (base 4) in base 15?
31d3c
Convert -20020303202 (base 4) to base 14.
-3d75aa
-305257 (base 10) to base 12
-1287a1
202432032 (base 5) to base 11
515498
What is -1ac57 (base 15) in base 10?
-87157
What is 1010001111010010 (base 2) in base 16?
a3d2
What is -a0105c (base 16) in base 2?
-101000000001000001011100
13101310113 (base 4) to base 9
3527240
1147b (base 12) to base 8
55137
-2bbb4 (base 14) to base 9
-175867
Convert 322254 (base 9) to base 6.
4040334
212001010001221 (base 3) to base 7
206036620
Convert -200416 (base 7) to base 12.
-176a7
What is 210755 (base 9) in base 10?
125276
What is 2069310 (base 10) in base 8?
7711476
What is 470325 (base 8) in base 5?
20104312
-2141354 (base 6) to base 12
-5185a
Convert 122110110013 (base 4) to base 2.
11010010100010100000111
Convert -57306 (base 12) to base 5.
-12204324
555342 (base 8) to base 3
100111122212
Convert -1668b4 (base 13) to base 7.
-4510620
Convert 320000332 (base 4) to base 8.
700076
What is 106252 (base 8) in base 12?
18a0a
What is 1656635 (base 9) in base 11?
580874
Convert -2062983 (base 11) to base 2.
-1101110111011001111010
810120 (base 9) to base 12
1b1290
What is 11300330321 (base 4) in base 5?
341324400
Convert -32142536 (base 8) to base 10.
-6866270
What is 10a35 (base 15) in base 5?
3143200
-4374351 (base 9) to base 6
-122225031
What is -411011023 (base 6) in base 16?
-6b85b7
Convert 83840a (base 12) to base 9.
3800681
What is -bd250 (base 14) in base 11?
-2936aa
-247a264 (base 11) to base 8
-20325113
-324013404 (base 5) to base 16
-153c71
Convert -264740 (base 10) to base 3.
-111110011012
Convert 26c1 (base 13) to base 16.
15bd
What is c2b389 (base 13) in base 10?
4537425
1212100122220 (base 3) to base 12
3b9736
-50371 (base 9) to base 13
-120c1
-130124 (base 5) to base 8
-11657
Convert 1618025 (base 14) to base 16.
a50d71
What is 1032663 (base 7) in base 8?
365665
-2011200 (base 5) to base 2
-111110100110010
Convert -43122200 (base 5) to base 8.
-1307022
What is -203200331331 (base 4) in base 8?
-43407575
Convert 83241a (base 14) to base 11.
2551a12
What is 2a672 (base 13) in base 6?
1415143
What is -10021022211121 (base 3) in base 11?
-a88217
Convert -5641323 (base 7) to base 12.
-298766
34c3c (base 15) to base 3
22112122010
What is -230150 (base 9) in base 4?
-201222303
What is 1000331 (base 7) in base 5?
12232233
-63459a (base 11) to base 14
-1c6507
What is -224366 (base 13) in base 3?
-1112002212012
What is -2210666 (base 8) in base 6?
-20423354
Convert 2213020230 (base 4) to base 8.
2471054
1101000010011111001001 (base 2) to base 13
928a26
Convert 4040242140 (base 5) to base 2.
11111000001110110011101
What is -3fa8ac (base 16) in base 12?
-14923a4
Convert -14b94 (base 14) to base 6.
-1035130
38406 (base 9) to base 12
12b59
Convert 3341052 (base 11) to base 3.
102000121101010
What is 5587a (base 16) in base 10?
350330
What is 131014323 (base 5) in base 16?
9cb2e
What is -210322102010 (base 4) in base 7?
-145146434
What is -1c8090 (base 13) in base 4?
-2302221012
Convert -514350 (base 8) to base 12.
-82608
Convert 311022021 (base 4) to base 5.
23431422
Convert -66418 (base 9) to base 2.
-1010110000110001
85a900 (base 15) to base 16
611afc
Convert -301b0 (base 15) to base 9.
-251773
Convert 6755503 (base 8) to base 2.
110111101101101000011
43708 (base 9) to base 8
70516
Convert 9d444 (base 14) to base 9.
642323
What is -1119373 (base 10) in base 16?
-11148d
What is -14051353 (base 6) in base 3?
-220001101020
What is 15401520 (base 6) in base 16?
84fd8
What is 1be1b (base 16) in base 7?
653645
What is -10415151 (base 6) in base 14?
-82359
What is -1001101000011100100 (base 2) in base 14?
-83044
61ff9 (base 16) to base 15
7de01
Convert -916977 (base 10) to base 16.
-dfdf1
Convert -b6ac (base 14) to base 9.
-47203
-280e7 (base 16) to base 12
-7ab47
What is 102022233 (base 4) in base 16?
122af
-6d574 (base 15) to base 11
-219115
What is -387736 (base 11) in base 10?
-610484
What is 233002103 (base 4) in base 16?
